{"version":"1.0","type":"rich","width":"560px","height":"140px","title":"LuW011: Schwarze L\u00f6cher, Flugtaxis, Assange, Martin Zsch\u00e4chner, Hans-Georg Maa\u00dfen, Vergesellschaftung","url":"https:\/\/lauerundwehner.de\/luw011-schwarze-loecher-flugtaxis-assange-martin-zschaechner-hans-georg-maassen-vergesellschaftung\/","author_name":"Lauer und Wehner - Erst die Fakten, dann die Meinung","author_url":"https:\/\/lauerundwehner.de","thumbnail_url":"https:\/\/lauerundwehner.de\/wp-content\/uploads\/2019\/01\/cropped-cover-itunes-1.jpg","html":"<iframe width=\"560px\" height=\"140px\" src=\"https:\/\/lauerundwehner.de\/luw011-schwarze-loecher-flugtaxis-assange-martin-zschaechner-hans-georg-maassen-vergesellschaftung\/?standalonePlayer\"><\/iframe>"}

LuW011: Schwarze Löcher, Flugtaxis, Assange, Martin Zschächner, Hans-Georg Maaßen, Vergesellschaftung
