{"version":"1.0","type":"rich","width":"560px","height":"140px","title":"LuW017: Gespr\u00e4ch mit \u00d6zlem Top\u00e7u und Khu\u00ea Ph\u1ea1m \u00fcber &#8222;neue Deutsche&#8220; und Identit\u00e4t","url":"https:\/\/lauerundwehner.de\/luw017-gespraech-mit-oezlem-topcu-und-khue-pham-ueber-neue-deutsche-und-identitaet\/","author_name":"Lauer und Wehner - Erst die Fakten, dann die Meinung","author_url":"https:\/\/lauerundwehner.de","thumbnail_url":"https:\/\/lauerundwehner.de\/wp-content\/uploads\/2019\/01\/cropped-cover-itunes-1.jpg","html":"<iframe width=\"560px\" height=\"140px\" src=\"https:\/\/lauerundwehner.de\/luw017-gespraech-mit-oezlem-topcu-und-khue-pham-ueber-neue-deutsche-und-identitaet\/?standalonePlayer\"><\/iframe>"}

LuW017: Gespräch mit Özlem Topçu und Khuê Phạm über &#8222;neue Deutsche&#8220; und Identität
