{"version":"1.0","type":"rich","width":"560px","height":"140px","title":"Zwangsarbeit f\u00fcr Asylbewerber, G\u00fclle-Terror, Habeck rasiert S\u00f6der","url":"https:\/\/lauerundwehner.de\/zwangsarbeit-fuer-asylbewerber-guelle-terror-habeck-rasiert-soeder\/","author_name":"Lauer und Wehner - Erst die Fakten, dann die Meinung","author_url":"https:\/\/lauerundwehner.de","thumbnail_url":"https:\/\/lauerundwehner.de\/wp-content\/uploads\/2019\/01\/cropped-cover-itunes-1.jpg","html":"<iframe width=\"560px\" height=\"140px\" src=\"https:\/\/lauerundwehner.de\/zwangsarbeit-fuer-asylbewerber-guelle-terror-habeck-rasiert-soeder\/?standalonePlayer\"><\/iframe>"}

Zwangsarbeit für Asylbewerber, Gülle-Terror, Habeck rasiert Söder
